{"id":41,"date":"2023-10-30T20:14:08","date_gmt":"2023-10-30T19:14:08","guid":{"rendered":"https:\/\/www.photoclub-verson.fr\/wordpress\/?page_id=41"},"modified":"2024-01-19T11:17:24","modified_gmt":"2024-01-19T10:17:24","slug":"presentation","status":"publish","type":"page","link":"https:\/\/www.photoclub-verson.fr\/wordpress\/club\/presentation\/","title":{"rendered":"Pr\u00e9sentation"},"content":{"rendered":"\n<figure class=\"wp-block-image\"><img loading=\"lazy\" decoding=\"async\" width=\"1800\" height=\"1200\" src=\"https:\/\/www.photoclub-verson.fr\/wordpress\/wp-content\/uploads\/2023\/10\/MG_3174-IMP.jpg\" alt=\"\" class=\"wp-image-56\" srcset=\"https:\/\/www.photoclub-verson.fr\/wordpress\/wp-content\/uploads\/2023\/10\/MG_3174-IMP.jpg 1800w, https:\/\/www.photoclub-verson.fr\/wordpress\/wp-content\/uploads\/2023\/10\/MG_3174-IMP-300x200.jpg 300w, https:\/\/www.photoclub-verson.fr\/wordpress\/wp-content\/uploads\/2023\/10\/MG_3174-IMP-1024x683.jpg 1024w, https:\/\/www.photoclub-verson.fr\/wordpress\/wp-content\/uploads\/2023\/10\/MG_3174-IMP-768x512.jpg 768w, https:\/\/www.photoclub-verson.fr\/wordpress\/wp-content\/uploads\/2023\/10\/MG_3174-IMP-1536x1024.jpg 1536w, https:\/\/www.photoclub-verson.fr\/wordpress\/wp-content\/uploads\/2023\/10\/MG_3174-IMP-405x270.jpg 405w\" sizes=\"auto, (max-width: 1800px) 100vw, 1800px\" \/><\/figure>\n\n\n\n<p class=\"has-medium-font-size\"><strong>Activit\u00e9s propos\u00e9es<\/strong><\/p>\n\n\n\n<p>Le Photo Club de Verson est une association \u00ab\u00a0loi 1901\u00a0\u00bb cr\u00e9\u00e9e en 1988. Le Club visant \u00e0 promouvoir l&rsquo;Art de l&rsquo;image, il permet aux adh\u00e9rents de s&rsquo;initier ou de se perfectionner dans la pratique de la photographie. Ouvert \u00e0 tous, le Club s&rsquo;adresse aussi bien au d\u00e9butant qu&rsquo;\u00e0 l&rsquo;amateur chevronn\u00e9. <\/p>\n\n\n\n<p>Actuellement, le Club compte 40 adh\u00e9rents. Des r\u00e9unions mensuelles permettent d&rsquo;\u00e9changer des id\u00e9es, de s&rsquo;initier aux diff\u00e9rentes pratiques (labo, studio, num\u00e9rique) ou tout simplement de pr\u00e9senter ses travaux. Les locaux, situ\u00e9s dans le centre de la commune, abritent un labo pour le d\u00e9veloppement et les tirages noir et blanc ainsi que couleur, un ensemble de traitement num\u00e9rique et un studio de prise de vues. Des s\u00e9ances de formation sont anim\u00e9es par les adh\u00e9rents les plus chevronn\u00e9s. Des sorties photo sont \u00e9galement organis\u00e9es \u00e0 la demande des adh\u00e9rents (macro, bord de mer, photos de nuit, \u00e9v\u00e9nements).<\/p>\n\n\n\n<p>Chaque ann\u00e9e, au mois de novembre, une exposition regroupant une centaine de photos est propos\u00e9e au public. C&rsquo;est l&rsquo;\u00e9v\u00e9nement majeur de l&rsquo;ann\u00e9e o\u00f9 nous pouvons aller \u00e0 la rencontre du public pour lui faire d\u00e9couvrir nos travaux. Cette exposition a lieu \u00e0 l&rsquo;Espace SENGHOR \u00e0 Verson. Impliqu\u00e9 dans la vie de la commune, le Club participe notamment \u00e0 la r\u00e9alisation de petits reportages sur les activit\u00e9s des autres associations de la commune.<\/p>\n\n\n\n<p class=\"has-medium-font-size\"><strong>Emplacement du club<\/strong><\/p>\n\n\n<p><iframe loading=\"lazy\" style=\"border: 0;\" src=\"https:\/\/www.google.com\/maps\/embed?pb=!1m18!1m12!1m3!1d1551.6295576952318!2d-0.44865272157620667!3d49.15274746903026!2m3!1f0!2f0!3f0!3m2!1i1024!2i768!4f13.1!3m3!1m2!1s0x480a45eaa0e0c103%3A0x6d2a7d2d51261767!2sAteliers%20de%20l'Odon!5e0!3m2!1sen!2sfr!4v1698756965354!5m2!1sen!2sfr\" width=\"600\" height=\"450\" allowfullscreen=\"allowfullscreen\"><\/iframe><\/p>\n\n\n<p class=\"has-medium-font-size\"><strong>Cotisations annuelles<\/strong><\/p>\n\n\n\n<p>Voici les diff\u00e9rents tarifs pour l\u2019ann\u00e9e 2023\/2024 :<\/p>\n\n\n\n<p>Adultes : 55\u20ac<br>Etudiants : 30\u20ac<br>Couples : 85\u20ac<\/p>\n","protected":false},"excerpt":{"rendered":"<p>Activit\u00e9s propos\u00e9es Le Photo Club de Verson est une association \u00ab\u00a0loi 1901\u00a0\u00bb cr\u00e9\u00e9e en 1988. Le Club visant \u00e0 promouvoir l&rsquo;Art de l&rsquo;image, il permet aux adh\u00e9rents de s&rsquo;initier ou de se perfectionner dans la pratique de la photographie. Ouvert \u00e0 tous, le Club s&rsquo;adresse aussi bien au d\u00e9butant qu&rsquo;\u00e0 l&rsquo;amateur chevronn\u00e9. Actuellement, le Club &hellip; <\/p>\n","protected":false},"author":2,"featured_media":0,"parent":351,"menu_order":0,"comment_status":"closed","ping_status":"closed","template":"","meta":{"footnotes":""},"class_list":["post-41","page","type-page","status-publish","hentry"],"_links":{"self":[{"href":"https:\/\/www.photoclub-verson.fr\/wordpress\/wp-json\/wp\/v2\/pages\/41","targetHints":{"allow":["GET"]}}],"collection":[{"href":"https:\/\/www.photoclub-verson.fr\/wordpress\/wp-json\/wp\/v2\/pages"}],"about":[{"href":"https:\/\/www.photoclub-verson.fr\/wordpress\/wp-json\/wp\/v2\/types\/page"}],"author":[{"embeddable":true,"href":"https:\/\/www.photoclub-verson.fr\/wordpress\/wp-json\/wp\/v2\/users\/2"}],"replies":[{"embeddable":true,"href":"https:\/\/www.photoclub-verson.fr\/wordpress\/wp-json\/wp\/v2\/comments?post=41"}],"version-history":[{"count":9,"href":"https:\/\/www.photoclub-verson.fr\/wordpress\/wp-json\/wp\/v2\/pages\/41\/revisions"}],"predecessor-version":[{"id":232,"href":"https:\/\/www.photoclub-verson.fr\/wordpress\/wp-json\/wp\/v2\/pages\/41\/revisions\/232"}],"up":[{"embeddable":true,"href":"https:\/\/www.photoclub-verson.fr\/wordpress\/wp-json\/wp\/v2\/pages\/351"}],"wp:attachment":[{"href":"https:\/\/www.photoclub-verson.fr\/wordpress\/wp-json\/wp\/v2\/media?parent=41"}],"curies":[{"name":"wp","href":"https:\/\/api.w.org\/{rel}","templated":true}]}}